f (-1)/(q/9 - 1)?
3
Suppose -29 = -3*k - 3*j + 1, 38 = 3*k + j. What are the prime factors of k?
2, 7
Let p be 2035/22*(0 - -2). Suppose 0 = -4*t - t + p. What are the prime factors of t?
37
Let v(m) = -m**2 + 3*m + 1. Let c be v(-2). Let y be 2*-1*c/6. Suppose 4*j + 3*g = -7, -j + 6*j - y*g = 25. List the prime factors of j.
2
Let q be 39/15 + 4/10. Suppose -4*i - 36 = q*r, 4*r = 5*i + 7*r + 42. List the prime factors of (-46)/(-6) - (-4)/i.
7
List the prime factors of (6/(-8))/(3/(-84)).
3, 7
Let k(z) be the second derivative of z**5/10 - z**4/3 + 2*z**3/3 - 3*z**2/2 - 3*z. What are the prime factors of k(2)?
5
Let i = -1 - -46. Let c be 3/(-15) + (-63)/(-15). Suppose -c*f - f = -i. List the prime factors of f.
3
Suppose 3*i - 91 = -4. List the prime factors of i.
29
Suppose -3*y + 130 = -4*c, 2*y + 0*c + 5*c = 79. List the prime factors of y.
2, 3, 7
Let f = -173 + 353. What are the prime factors of f?
2, 3, 5
Suppose -5*j = -42 - 133. Suppose 0 = -3*u - 2 + 11. Suppose u*f = -2*f + 2*i + 34, -j = -4*f - i. What are the prime factors of f?
2
Let a(g) = g - 1. Let t be 4 - 1 - -2 - 1. What are the prime factors of a(t)?
3
Let q(v) = v**3 + 7. Let t be q(0). Suppose t - 2 = -5*k. List the prime factors of (k/2)/(1/(-12)).
2, 3
Let v(c) = c - 2. Let k be v(7). Suppose 0 = -l - 0 + k. Suppose -2*m - 17 = -l*b, -2*m - 1 = -2*b + 1. What are the prime factors of b?
5
What are the prime factors of (3/6)/(6/444)?
37
Suppose 6*h - 5*h + 3*y - 2 = 0, -3*h = -y - 46. What are the prime factors of h?
2, 7
Let f(g) = 13*g + 0 + 4 + g - g**2. What are the prime factors of f(8)?
2, 13
Suppose -4*u = -42 - 98. List the prime factors of u.
5, 7
Let b(w) = -w**3 - 4*w**2 + 3*w + 3. Let x be b(-4). Let m = x + 18. Suppose 4*d - m - 3 = 0. What are the prime factors of d?
3
Suppose 2*w = -0*w + 4. Let l be (-2)/(-5)*30/w. Suppose -5*h + l = -4*h. List the prime factors of h.
2, 3
List the prime factors of (-9)/((-126)/(-4)) + 1348/14.
2, 3
Suppose -a - 1 = 0, 4*d - 3*a = 13 + 6. Suppose 94 = d*u + 18. What are the prime factors of u?
19
Suppose -3*s + g + 0*g - 266 = 0, -274 = 3*s + g. What are the prime factors of s*1*6/(-9)?
2, 3, 5
Let c(i) = -i + 8. Let k be c(9). Let w = -12 + k. Let t = 20 + w. List the prime factors of t.
7
Suppose 4*u = 352 + 68. List the prime factors of u.
3, 5, 7
Let x(v) = 9*v. Suppose -n + 0 + 4 = 0. List the prime factors of x(n).
2, 3
Suppose 7*r - 9*r = -208. List the prime factors of r.
2, 13
Let d be 0/((6/2)/(-3)). Let a be (0 - d)*(-4)/8. Suppose 5*x + 4*f - 26 = 0, a = x + 9*f - 4*f - 1. What are the prime factors of x?
2, 3
Let t = 1 - -1. Suppose -w = t*w. List the prime factors of 2/(2/13 - w).
13
Let l be (4/3)/((-3)/9). Let k(i) = -6*i + 5. Let c be k(l). Suppose 4*g - 20 = 0, 4*x = -2*g + 29 + c. List the prime factors of x.
2, 3
Let s be 6/21 - 748/(-28). List the prime factors of -5 + s - 4/4.
3, 7
Let y(a) = -a**3 + 9*a**2 - 4*a - 1. Let n be y(8). Let t = 43 - n. List the prime factors of t.
2, 3
Let z be (3 - -1)*3/4. Suppose 0 = -2*i - z*i. Suppose -o - 3 + 8 = i. What are the prime factors of o?
5
Let s(k) = -k**2 + 10*k - 5. What are the prime factors of s(4)?
19
Let p(w) = -w**3 - 13*w**2 + 7. List the prime factors of p(-13).
7
Let d(s) = s**2 - 4*s + 3. Let f be d(4). Suppose -j = -4*q - 29, -f*j + 6*q - 3*q + 51 = 0. What are the prime factors of j?
13
Let z be (-200)/30 - 4/(-6). Let g be 4 + 4/z*3. Suppose g*a - 6 = 4. List the prime factors of a.
5
Let x = 0 + 0. Suppose -j - 1 + 7 = x. List the prime factors of j.
2, 3
Let j = 17 + 12. List the prime factors of j.
29
Let a = -1 + 41. Suppose 5*n + 5*q = a, 4*n - 1 - 7 = 2*q. What are the prime factors of n?
2
Let y be -2*1*6/(-4). Suppose -y*i = -6*i + 30. Suppose t + i = 2*w + 5*t, -16 = -3*w - 5*t. What are the prime factors of w?
7
Suppose 5*o = 3*w - 25, -1 = o + o - 3*w. Let g = o - -10. What are the prime factors of g?
2
Let n(s) = s**2 + s + 1. Let u = -7 - -5. Let x be n(u). Suppose 19 = x*d - 8. List the prime factors of d.
3
Let o(u) = 2*u - 6. Let q be o(4). Suppose 12 = -4*s, -5*h - s + q*s + 93 = 0. List the prime factors of h.
2, 3
Let n = 4 - 4. Suppose 5 + 4 = -3*w, n = k - 5*w - 17. Suppose o = -0 + k. What are the prime factors of o?
2
Let g(p) = -3*p**2 - 8*p + 3 + 7 + 2*p**2. List the prime factors of g(-8).
2, 5
Suppose 2*o - 4*z = 44, -3*o = -0*o + z - 31. List the prime factors of 2/8 + 405/o.
2, 17
Suppose -t + 4*g - 6*g + 32 = 0, 5*g + 18 = t. List the prime factors of t.
2, 7
Suppose 0 = 4*z - 3*l - 59, -4*l = 5*z - l - 40. Let j = 56 - z. What are the prime factors of j?
3, 5
Suppose 2*t + 1 = -3*f, 2 = 5*f + 5*t + 12. Suppose -5*p = -20, 39 = f*u + p + 2*p. What are the prime factors of u?
3
Suppose 3*j - 26 = -5*n, 0 = -4*j + 2*n + n + 54. Suppose -10*z + j*z - 6 = 0. What are the prime factors of z?
3
Let h(y) = 4*y - 2*y + 3 - y. Let j(i) = -i**2 + 6*i - 4. Let x be j(4). What are the prime factors of h(x)?
7
Let f be 0/(-2) - (-13 - 6). Suppose 0 = c - f + 3. What are the prime factors of c?
2
Let i = -2 - 1. Suppose 2*y - 3*s = y + 1, 2*s = y - 1. List the prime factors of y*(2 + i) + 8.
7
List the prime factors of -2 - (-47 + -1 - -1).
3, 5
Let s = 256 - 165. List the prime factors of s.
7, 13
Let r be -5*(-4 - (-48)/15). Suppose -37 = -5*z + 2*v - 5*v, 5*z = 4*v + 44. Suppose -h = -z - r. List the prime factors of h.
2, 3
Suppose 2*g = p + 8, p - 5*p + 13 = g. Suppose p*r - 22 = -6. What are the prime factors of r?
2
Let p = -44 + -9. Let s = 88 + p. List the prime factors of s.
5, 7
Let h(d) = -d**3 + 5*d**2 + 7*d - 2. Let c be h(6). Suppose 0 = -5*y + 58 - 8. Suppose w = -c*w + y. List the prime factors of w.
2
Suppose -c - 2*m - 2*m + 11 = 0, 0 = -c + m + 1. Suppose -c*a = 2*r + 1, -6*a = -5*r - 2*a + 32. Suppose -r*j - 5 = -61. What are the prime factors of j?
2, 7
What are the prime factors of (19296/(-20))/(-8) - 2/(-5)?
11
Suppose -5*y = 4*a + 235, 16 = a + 5*y + 71. List the prime factors of 4/(-5)*a/24.
2
Suppose 4*s - 2*s - 5*t - 86 = 0, -2*s - 2*t = -100. List the prime factors of s.
2, 3
Let w(g) = 2*g**3 - 2*g**2 + 3*g - 1. Let q be w(1). Suppose -5*s = -8*s - q*f + 134, -f - 131 = -3*s. List the prime factors of s.
2, 11
List the prime factors of (-12)/9*(-27)/2.
2, 3
Suppose 2*a + 958 = 4*k, 3*a + 247 = 2*k - k. What are the prime factors of k?
2, 7, 17
Suppose n + 81 = 2*n. List the prime factors of n.
3
Let w(r) = -r**3 + 14*r**2 - 20*r + 11. What are the prime factors of w(9)?
2, 59
Let x(s) = s**3 - 2*s**2 + 1. Let u be x(3). Suppose u = 3*d - l, 5 = -3*l - 2*l. Suppose 2*a = -3*h + 9 + 9, 5*a - d*h = 66. What are the prime factors of a?
2, 3
Suppose -q - 5 = -9. What are the prime factors of 1/((-163)/41 + q)?
41
What are the prime factors of 406/10 - 15/25?
2, 5
What are the prime factors of 22/(-14) + 6/(-14) - -35?
3, 11
Suppose 2*a = -0*a + 6. Suppose -m + 0*k = a*k - 6, 2*k + 7 = 3*m. Suppose m*z + 21 = -u + 5*u, z = 5*u - 29. What are the prime factors of u?
2, 3
Suppose -68 = -2*k + k + 2*l, 5*k = -l + 340. List the prime factors of k.
2, 17
Suppose 0 = 4*b - 101 - 211. What are the prime factors of b?
2, 3, 13
Let k = -91 - -217. List the prime factors of k.
2, 3, 7
Suppose -8*o = -3*o + 5, -i - o = -15. Let f = -8 + i. What are the prime factors of f?
2
Let p(y) = y + 1. Suppose -a - 1 + 0 = 0, -88 = -3*z + 4*a. Suppose 4*v - z = -0*v. List the prime factors of p(v).
2
Suppose -2*d = 3*d - 75. What are the prime factors of d?
3, 5
Let m(f) = f**2 + 10*f + 8. Let n be m(-9). Let x be 1/(0 - (n - 0)). List the prime factors of 0 - (-14)/x - 2.
2, 3
Let u(z) = 2*z - 8. Let p be u(-7). Let y = p - -26. What are the prime factors of y?
2
Let u(q) = 2*q**2 + 7*q - 1. Let r be u(5). Suppose 0 = -3*w + 27 + r. List the prime factors of w.
37
Let w(z) be the second derivative of 7*z**3/6 - 3*z**2/2 - 2*z. What are the prime factors of w(2)?
11
Let v = -64 + 43. Let q = v + 12. What are the prime factors of 3/q*15*-1?
5
What are the prime factors of 3/(((-54)/(-116))/9)?
2, 29
Let b = 8 - -1. List the prime factors of b.
3
Suppose -4*u + 3619 = 7*u. What are the prime factors of u?
7, 47
Let i = 4 - 7. What are the prime factors of ((-5)/i)/(3/9)?
5
Let f be (-319)/99 - 4/(-18). What are the p